 are the prime factors of k?
151
Let l(d) = -2*d**2 - 14*d - 38. Let o(y) = -7*y**2 - 53*y - 150. Let x(j) = -11*l(j) + 3*o(j). Let r = 4 - -11. List the prime factors of x(r).
2, 59
Suppose -2*z + d = -9665, 4*z - 63*d = -68*d + 19351. What are the prime factors of z?
2, 2417
Suppose 2*p = 6, -2*p - 172 = -5*h + 2. List the prime factors of 8/h + (-8552)/(-72).
7, 17
Let i(u) = 40*u - 2090. Let v be i(52). Let j(b) = -b**3 + 0 - 8*b**2 - 1 + 4. List the prime factors of j(v).
7, 29
Suppose 5*m - 15 = -0*q + 2*q, m + 3*q = 3. Suppose -m*v + 6*v = -9. Let h(s) = -4*s - 3. What are the prime factors of h(v)?
3
Let q be ((-4)/(-10) + 4/(-10))/2. Suppose 6*o = -q*o + 240. Let g = o + -33. What are the prime factors of g?
7
Let r = -33 + 53. Let l = -18 + r. Suppose 2*i - 8 - l = 0. What are the prime factors of i?
5
Let x = 2322 - -1424. List the prime factors of x.
2, 1873
Suppose f + 4*l = 16, -f + l + 59 = 4*f. Let w be 66/f - (-1 - 2)/(-6). Suppose 2*u - w*g - 251 = -10*g, -g - 1 = 0. List the prime factors of u.
2
Let a(d) = -18 - 335*d**2 - 8*d + 2 + 339*d**2 - 6*d**3. What are the prime factors of a(-3)?
2, 103
Let m be 69*7/(42/(-4)). Let t = m - -301. List the prime factors of t.
3, 5, 17
Let j = 392 + -377. List the prime factors of -434*119/(-105) - (-2)/j.
2, 3, 41
Let n = 49 + -64. Let v = 76 + n. Let k = 141 + v. What are the prime factors of k?
2, 101
Suppose 0 = 3*x + 3*j - 60, 2*x + 2 - 36 = -5*j. Suppose x - 32 = -5*y. What are the prime factors of 28 + 3 + (y - 1)?
2
Suppose -16*s = -12*s - 296. Suppose s*l + 18 = 75*l. Suppose 19*x - 61 = l*x. List the prime factors of x.
61
Let t = 23137 - 9436. What are the prime factors of t?
3, 4567
Suppose -81*l + 83*l = 40. Suppose 8*d = 4*d + l, -3*d - 39 = -2*g. List the prime factors of g.
3
Let k be 6/4*(-164)/(-3). Suppose 3*v - 20 = 2*v + 4*g, 3*v = -3*g + 105. Let o = v + k. List the prime factors of o.
2, 3, 19
Suppose 3*q = -12, -15*q = -f - 11*q + 58. List the prime factors of 21*(14/(-18))/((-2)/f).
7
Suppose s - 5*l = 9893 + 2865, 0 = 4*l + 12. What are the prime factors of s?
12743
List the prime factors of (-1)/(1337385/83587 - 16).
11941
Suppose -10*a = -9*a - 280. Suppose -134 = u - a. List the prime factors of u.
2, 73
Let t(u) = u**2 + u - 4. Let d be t(-3). Suppose -d*p = -3*p + 4. List the prime factors of -4 + (72 - (p + -8)).
2, 3
Suppose -20*p + 15*p = 0. Suppose p = 4*u + v, 2*u - 3*v + v = 0. Suppose u = -2*h - 10 + 52. List the prime factors of h.
3, 7
Let q(r) = r**2 - 22*r + 20. Let d be q(21). Let n(j) = j**2 + 32. Let k be n(0). Let o = k - d. What are the prime factors of o?
3, 11
Suppose 6 + 0 = r. Let c(m) = -5 + m**2 + 9*m - 17*m + 10*m. List the prime factors of c(r).
43
Suppose 8*l - 4*l = -c + 7, -5*l - c = -9. Suppose -6*r - 1000 = l. Let h = -63 - r. List the prime factors of h.
2, 13
Let l be ((-75)/30)/((-5)/12). Let v be l + (-1 - (-5 + 2)). What are the prime factors of ((-368)/v)/((-2)/3)?
3, 23
Suppose -k + 15 = -16*k. Let f(t) = 2*t - 2. Let j be f(-5). What are the prime factors of (17 - 22)*(j - k)?
5, 11
List the prime factors of (58308/120 - (-4)/8)/((-4)/(-250)).
2, 5, 19
Suppose j + 2768 = 9*j. Suppose j - 121 = -9*m. What are the prime factors of ((-690)/m)/((-4)/(-10))?
3, 23
Let y = -5387 + 24005. List the prime factors of y.
2, 3, 29, 107
Let v(k) = -k**3 - k**2 + 6*k - 12. Let a be v(-4). What are the prime factors of 256 + -7 + a + -6?
3, 5, 17
List the prime factors of ((5 - 6)/((-56)/15032))/((-1)/(-7)).
1879
Suppose -56*n + 327352 + 995256 = 0. What are the prime factors of n?
2, 7, 241
Suppose 316851 + 32329 = 34*b. What are the prime factors of b?
2, 5, 13, 79
Let x(l) = -11*l - 86. Let n be x(-11). Suppose 32*h = n*h - 321. What are the prime factors of h?
107
Suppose 720 = 3*o - 3*c, -1200 = -o - 4*o + c. Suppose -225 = -5*t + o. Suppose 2*x = t + 51. List the prime factors of x.
2, 3
Suppose 3 + 15 = -j - 4*w, 2*j - 4*w = 24. Suppose j*r = 2*f + 7*r - 605, -3*r = 2*f - 615. What are the prime factors of f?
3, 5, 7
Suppose 2*h = 7*h + 5, -5 = -2*x - 3*h. Let s be -1*(-8)/(x/(-1 + 5)). Suppose 0 = 5*z - s*z + 144. List the prime factors of z.
2, 3
Let z = -587 - -1365. Suppose 2*j - 4*t - 978 = 0, -2*t = 4*j - 1158 - z. What are the prime factors of j?
5, 97
Let c be (-11*53 + -1)*(-5 - -6). Let m = -340 - c. Let p = m + -78. List the prime factors of p.
2, 83
Let m(i) = 9*i**2 + 7*i - 13. Suppose 5*a = 9*a + 36. Let n(b) = -b**3 - 9*b**2 + 2*b + 21. Let r be n(a). What are the prime factors of m(r)?
89
Suppose 21*i + 24*i - 13*i = 265248. What are the prime factors of i?
3, 307
Let j be -5*(3/(-1))/((-12)/80). Let w = j - -49. What are the prime factors of (-6)/w - 9315/(-153)?
61
Suppose 0 = -4*n - i + 169, 2*n - 60 - 35 = 3*i. Let f = -6 - -1. Let u = n + f. What are the prime factors of u?
2, 19
Let b(k) = 65*k + 11. Let a be b(7). Let z = a + -260. Suppose -7*y + 5*y + z = 0. What are the prime factors of y?
103
Suppose -2*z + 7 = w + 4, -5*w - 25 = 0. Suppose -i - 8654 = -6*k + i, z*i - 1438 = -k. What are the prime factors of k?
2, 7, 103
Let g be (108/27)/((-2)/(-513)). Let p = g - 133. List the prime factors of p.
19, 47
Let y = -39 + 52. Suppose -y = 2*p - n + 4*n, -p + 3*n = 29. What are the prime factors of (-115 + p)*2/(-6)?
43
Let o(c) = 870*c + 111. What are the prime factors of o(13)?
3, 47
Suppose -3*w + 129982 = -4*u, -43342 = -36*w + 35*w + 5*u. List the prime factors of w.
2, 21661
Let t(m) be the first derivative of -m**4/4 - 20*m**3/3 - 2*m**2 - 7*m - 637. Let y(d) = -d**2 + 5. Let x be y(5). What are the prime factors of t(x)?
73
Let i = 70 + -14. Let t = i - 51. Suppose 0 = 5*f - u - 340, t*f + 3*u - 2*u = 340. List the prime factors of f.
2, 17
Suppose -110590 = -6*w + 70928. What are the prime factors of w?
30253
Suppose -9 = -d - 3*n, -2*d - 2*n = -0*n - 10. Suppose -13*l = d*l - 96. Suppose -l = -3*k, 0 = -5*u + 7*u + 5*k - 202. List the prime factors of u.
2, 3
Let q = 4025 - -660. What are the prime factors of q?
5, 937
Suppose -38*h = -26*h - 12. List the prime factors of 548/4 - (-4)/h.
3, 47
Let h = -180 + 185. Suppose 10*a + f = h*a + 1139, 3*f = -a + 225. What are the prime factors of a?
2, 3, 19
Let h = 1044 + -2112. Let k = -323 - h. What are the prime factors of k?
5, 149
Suppose 15*i - 1042 + 2917 = 0. Let h = 100 + -184. Let x = h - i. List the prime factors of x.
41
Suppose -1466*g + 1454*g = -60241 - 36923. List the prime factors of g.
3, 2699
Suppose 28*m - 167926 = 25783 + 60783. List the prime factors of m.
61, 149
Suppose -50*u + 1742809 = 184059. Suppose -u = 37*y - 80*y. List the prime factors of y.
5, 29
Suppose 0 = -22*j + 25*j - 48. Let x(v) = v**2 - 2*v - 1. Let a be x(5). Suppose 0 = 15*q - a*q - j. List the prime factors of q.
2
Suppose 0 = -5*h + 104951 + 260229. What are the prime factors of h?
2, 19, 31
Let a = 74 - 58. Let u be -6*(-4)/(-6) + a. What are the prime factors of u/7*3/((-36)/(-42))?
2, 3
Let l(w) = -2107*w + 153. Let p be l(-16). Suppose -43*t + p = -29431. What are the prime factors of t?
2, 23
Let o(a) = -59*a - 6. Let l be o(-8). Let u = l + -267. Suppose 4*g - 3*q - 265 = 0, u = 3*g + q - 3*q. What are the prime factors of g?
67
Suppose 5*v - 9117 = 3*k, 99*v - 2*k = 100*v - 1813. What are the prime factors of v?
3, 607
Suppose -4*d - 26 = -5*v - 1, 20 = 4*v. Suppose 18*b - 20*b + 570 = d. List the prime factors of b.
3, 5, 19
Let h(k) = 5*k**2 - 147*k - 735. Let u be h(-5). Suppose -101 = j - 2*j. Suppose -s = -u - j. What are the prime factors of s?
2, 113
Let w be 5/20 - (-7377)/12. Suppose -1639 + w = -4*s - 4*n, 4*s = 2*n + 1036. Let f = s + -144. What are the prime factors of f?
2, 3, 19
Let r(b) = -4*b - 755. Let s be r(0). Let x = 1033 + s. What are the prime factors of x?
2, 139
Let p(u) = 161*u**2 + 28*u - 62. Let m(x) = 4*x - 114. Let o be m(29). What are the prime factors of p(o)?
2, 11, 29
Suppose -5*c = n - 289772, -n + 607060 = 11*c - 30442. What are the prime factors of c?
5, 67, 173
Let z(o) = 14090*o**2 - 173*o + 172. What are the prime factors of z(1)?
73, 193
Let k(v) = 606*v + 12375. What are the prime factors of k(57)?
3, 13, 401
What are the prime factors of 1/((-2)/57354)*(-16)/(-96)*-2?
11, 79
Let u = -15186 - -28283. What